 2, what is 111101111001010001 + -1101?
111101111001000100
In base 2, what is 100111 - 100011101011111101000?
-100011101011111000001
In base 7, what is 6 + 46233442?
46233451
In base 12, what is 15a - -108381a?
1083978
In base 5, what is 0 + 1330022012?
1330022012
In base 8, what is -27 + 4553325?
4553276
In base 10, what is -95815820 + 1?
-95815819
In base 13, what is -27764 + 65a6?
-2118b
In base 12, what is 1037645 - 102?
1037543
In base 8, what is 132 - -111764?
112116
In base 8, what is -11 + 1166436?
1166425
In base 5, what is -10 + -341130444?
-341131004
In base 4, what is -33001323 - -1320223?
-31021100
In base 8, what is 61002700 - -5?
61002705
In base 4, what is -10312 - -2131003311?
2130332333
In base 5, what is -3 - -110424421343?
110424421340
In base 6, what is 21504 + -241552?
-220044
In base 2, what is 1010000101100 - 1111000110?
1000001100110
In base 12, what is 142 - -770828?
77096a
In base 14, what is -3 + 222492?
22248d
In base 6, what is 244045 - 412335?
-124250
In base 16, what is -a2593 + -ad?
-a2640
In base 14, what is 0 + -1800a3?
-1800a3
In base 13, what is -12b3b + -44?
-12b82
In base 11, what is 68 - 1015958?
-10158a0
In base 3, what is -2102222020101 + 212?
-2102222012112
In base 12, what is -7 - -41a100?
41a0b5
In base 2, what is 1001001001111110 + 101011101?
1001001111011011
In base 7, what is -21346 - 2?
-21351
In base 9, what is -4066435 - -530?
-4065805
In base 5, what is -31043 - 23440201?
-24021244
In base 2, what is 1011 + -101010110011111001010010?
-101010110011111001000111
In base 14, what is 3a9b2 + -32?
3a980
In base 2, what is 1010011010011101101 + 11?
1010011010011110000
In base 10, what is 2337633 - -6?
2337639
In base 12, what is -4097 + 3?
-4094
In base 9, what is 5 - -55076552?
55076557
In base 2, what is 100111110101111001111111101 - 100?
100111110101111001111111001
In base 12, what is 4 - 1238b016?
-1238b012
In base 6, what is 2050050 + 10043?
2100133
In base 9, what is 133057 + 2235?
135303
In base 6, what is 513330113 - -11?
513330124
In base 16, what is -36 + -58fb6?
-58fec
In base 13, what is -1c709b6 + 40?
-1c70976
In base 10, what is -1116973 - 105?
-1117078
In base 12, what is -135 - -14559?
14424
In base 12, what is 2b1 - 33270?
-32b7b
In base 6, what is -1350335433 - 30?
-1350335503
In base 9, what is -3 - -8268882?
8268878
In base 12, what is 89103 - 30a?
889b5
In base 4, what is 1000012223 + 33?
1000012322
In base 2, what is -11011000111000110011000 + -111?
-11011000111000110011111
In base 16, what is 91f7 - 118?
90df
In base 16, what is 4 - 15faf2a?
-15faf26
In base 5, what is 1200403301 - -400?
1200404201
In base 15, what is -7a414 + -56a?
-7a97e
In base 16, what is -2130 - -1fd?
-1f33
In base 5, what is 113042443 + -301?
113042142
In base 4, what is -121031121 - -12303?
-121012212
In base 12, what is 20abaa186 - 4?
20abaa182
In base 16, what is d - 5f9ab3?
-5f9aa6
In base 16, what is 11a - -270c?
2826
In base 8, what is 2763641 + 14?
2763655
In base 2, what is 11000010011 - 101101101101010000?
-101101010100111101
In base 6, what is 122022214 - -250?
122022504
In base 3, what is -2001 + 100102122110?
100102120102
In base 12, what is -4279137 + 11?
-4279126
In base 12, what is -171736a + 115?
-1717255
In base 12, what is -10 + 4a17086?
4a17076
In base 6, what is -1530215055 + 1?
-1530215054
In base 3, what is 221010000202 - -112?
221010001021
In base 4, what is 3201110220 - -312?
3201111132
In base 2, what is 11100 - -1101010101111101?
1101010110011001
In base 12, what is -4 + 17861b34?
17861b30
In base 2, what is -1100101111101000 + -10000011100?
-1101000000000100
In base 9, what is 1275 + 25874?
27260
In base 2, what is 1011010 - -10001101000001011?
10001101001100101
In base 4, what is -303 - -10303220020?
10303213111
In base 7, what is -24 + 643004?
642650
In base 8, what is -5054773 - 467?
-5055462
In base 7, what is 1132003304 - -30?
1132003334
In base 4, what is -10 + -22212011131?
-22212011201
In base 11, what is 5256 - 18a61?
-13806
In base 6, what is -11430 + 2332?
-5054
In base 7, what is -5435303422 - 2?
-5435303424
In base 2, what is -10001011101100010010 + 111?
-10001011101100001011
In base 15, what is 0 - -1424404?
1424404
In base 16, what is 7c6df - -79?
7c758
In base 2, what is -10011001000011001101001 + -11?
-10011001000011001101100
In base 14, what is 35 - 4c9ad?
-4c978
In base 6, what is -1144 - 300000?
-301144
In base 4, what is -110212 - 1320123?
-2031001
In base 5, what is 13 + -241214041043?
-241214041030
In base 2, what is -100 - 1111100110110101110100100011?
-1111100110110101110100100111
In base 16, what is -2fab30 + 5?
-2fab2b
In base 9, what is -54265 - 402?
-54667
In base 5, what is -11101311 - 2433?
-11104244
In base 7, what is 14 + 202062046?
202062063
In base 6, what is 25330503515 + 2?
25330503521
In base 3, what is -100102 + 12111021200002?
12111021022200
In base 13, what is -47b487 + 5?
-47b482
In base 6, what is 2532530134 + 11?
2532530145
In base 13, what is b03a + 96a?
b9a7
In base 8, what is -422064 - -206?
-421656
In base 6, what is -2242 - -34350?
32104
In base 7, what is -3056 + -12662?
-16051
In base 5, what is 4041312 + -121202?
3420110
In base 4, what is -11 - -3111212123122?
3111212123111
In base 2, what is 10 - 10010011111100010101111?
-10010011111100010101101
In base 16, what is -3 - 4136da5?
-4136da8
In base 5, what is 1 + -144034441?
-144034440
In base 5, what is 2011212034 + 114?
2011212203
In base 10, what is 1 - 1026707?
-1026706
In base 11, what is -5 - 890890?
-890895
In base 5, what is -442 - 3311011?
-3312003
In base 2, what is 1111110010011111000111 + -110011?
1111110010011110010100
In base 10, what is 32107045 + 4?
32107049
In base 12, what is -13b + -2a462?
-2a5a1
In base 13, what is -7322 - bb60?
-16182
In base 15, what is -15 - -9a963?
9a94d
In base 11, what is 20 + -a52683?
-a52663
In base 6, what is -504401550 - -30?
-504401520
In base 4, what is 223020121 - -2?
223020123
In base 14, what is -85764dc + 4?
-85764d8
In base 14, what is 6 + -6d10d9?
-6d10d3
In base 3, what is 12 + -112122112020212021?
-112122112020212002
In base 11, what is 4 + -450010a?
-4500106
In base 9, what is 16823 - -72?
17005
In base 12, what is -110165 + -7?
-110170
In base 6, what is 31055 + -4513?
22142
In base 6, what is -2 - 20055320?
-20055322
In base 15, what is -155 + 86e2?
858c
In base 5, what is 1 - 4100212123?
-4100212122
In base 11, what is -5 - -40770608?
40770603
In base 8, what is -163256 + 776?
-162260
In base 12, what is -16716a5 - 0?
-16716a5
In base 4, what is -1 + 103233002?
103233001
In base 5, what is -1 + -144222133?
-144222134
In base 7, what is -31 - 10444110?
-10444141
In base 4, what is 20111223233102 - -2?
20111223233110
In base 10, what is -123483 + -4?
-123487
In base 7, what is -504431340 + -6?
-504431346
In base 6, what is -421400 - -100?
-421300
In base 16, what is 4e7 + 42f?
916
In base 3, what is 1 + 122212011212?
122212011220
In base 2, what is -1000010111 - -11111110000111000?
11111101000100001
In base 9, what is 130161172 + -1?
130161171
In base 2, what is -101000111000110111 - 10011?
-101000111001001010
In base 2, what is 10111101101011000 - -10100000111?
11000000001011111
In base 16, what is 586064 + -16?
58604e
In base 9, what is -130841 + -3755?
-134706
In base 7, what is -21 - -4503414?
4503363
In base 12, what is -37a - 26a60?
-2721a
In base 2, what is -1100000001 + -100000001101101?
-100001101101110
In base 3, what is 1 - 21220210211212?
-21220210211211
In base 9, what is -105214 + -1506?
-106721
In base 8, what is -2 - 30250616?
-30250620
In base 15, what is -2 + 39a235c?
39a235a
In base 15, what is -1417 + -20e5?
-350c
In base 8, what is 13712043 - -6?
13712051
In base 11, what is -1376892 - -30?
-1376862
In base 14, what is -1269394d - -6?
-12693947
In base 12, what is 5a + -299600?
-299562
In base 15, what is -320b74 + 5a?
-320b19
In base 9, what is 12 - -160240?
160252
In base 5, what is 314144304 + -2?
314144302
In base 8, what is 102272333 - 3?
102272330
In base 16, what is -1f81 + -139?
-20ba
In base 8, what is -2 + 1777300216?
1777300214
In base 14, what is c43cb + b?
c43d8
In base 16, what is 4ec + 170a?
1bf6
In base 8, what is -2552 - -620344?
615572
In base 13, what is 4 - -17c438c2?
17c438